ainder when i is divided by (-4)/(-9) + ((-40812)/(-513) - 67)?
3
Suppose 58475 + 37227 - 2368 = 46*v. Calculate the remainder when v is divided by 16.
13
Let n = -139 + 144. Suppose -1358 = -2*u - n*u. Let r = 54 + -21. What is the remainder when u is divided by r?
29
Suppose b + 14 = -2*p + 26, 4*p = -4*b + 32. Suppose -15 = -b*j + d, 2*j - 7*j + 5 = -4*d. Calculate the remainder when 63 is divided by j.
3
Suppose g = 2*g - 11. Suppose g = -v + 43. What is the remainder when v is divided by (1167/778)/((-79)/(-38) + -2)?
13
Calculate the remainder when (((-18)/(-8))/(-3))/((-423)/104904) is divided by 53.
27
Suppose d = -3, -16*d + 81 = 3*n - 21*d. Calculate the remainder when 868 is divided by n.
10
Let u = 22976 + -22670. Calculate the remainder when 935 is divided by u.
17
Let i(f) = -4*f**2 + 138*f - 182. Calculate the remainder when i(28) is divided by 268.
10
Let l be (-5222)/(-210) + (-4)/(-30). Calculate the remainder when (-10)/l*(1 + -201) is divided by 9.
8
Let n(c) = 10*c**2 - 4*c + 7. Let k be n(3). Let z = 121 - k. Calculate the remainder when (376/(-12))/((4/(-9))/2) is divided by z.
33
Calculate the remainder when ((-1417392)/42)/(-17) + -13 + (-6)/(-7) is divided by 94.
93
Suppose 3*i = 37*p - 32*p + 1129, 3*i = 3*p + 1125. Let l = 388 - i. What is the remainder when 3/(-9) + 440/6 is divided by l?
13
Let x(g) = g**2 - 13*g - 134. Let y be x(-8). Suppose 4*t - 3*q = -q + 38, 2*t + 2*q = y. Calculate the remainder when t is divided by 4.
0
Suppose -14*h + 5*h + 81 = 0, -95 = -n - 3*h. What is the remainder when n is divided by (12/9)/(2/45)?
8
Suppose 35*k - 27*k - 3576 = 0. What is the remainder when k is divided by 8?
7
Suppose 324*k + 27 = 325*k. Let i be 5*((-856)/(-10))/2. What is the remainder when (i/1)/(4 - 2) is divided by k?
26
What is the remainder when -1*(7 + (-21192)/12) is divided by 31?
23
Let n = -8020 - -8074. Calculate the remainder when 942 is divided by n.
24
Let k = 22 - 23. Let z be ((-18)/(-21))/k*7. Calculate the remainder when (34/(-6))/((-2)/(0 - z)) is divided by 7.
3
Suppose -89*i + 28647 - 3727 = 0. What is the remainder when i is divided by 31?
1
Let i be 1/2*(-5 + 16 + -5). Suppose 4*j + a = 258, 4*a - 200 = i*j - 6*j. What is the remainder when j is divided by 22?
20
Suppose 5*o - 186 = -36. Calculate the remainder when (20888/(-60))/(-14) + 4/o is divided by 9.
7
Let m = -5770 - -5791. Calculate the remainder when 330 is divided by m.
15
Calculate the remainder when 776 is divided by (-11)/66 - 5474/(-84).
61
Suppose -2*r + p = -2*p - 66, 24 = r + 3*p. Let q(s) = -s**3 + 30*s**2 + 3*s - 68. Calculate the remainder when q(r) is divided by 12.
10
Let p(u) = u**3 - 93*u**2 - 255*u - 1337. Calculate the remainder when p(96) is divided by 205.
191
Suppose -p = 5, 3*o + 2*p = 3*p + 11. Suppose -3*s = k - 27, 6*s + 3*k = o*s + 41. Calculate the remainder when 13 is divided by s.
5
Suppose 21*z + 40 = 523. Suppose 14*g - 1343 = -139. What is the remainder when g is divided by z?
17
Suppose -h + 321 = -5*y + 6*y, 2*y + 5*h - 663 = 0. What is the remainder when 2837 is divided by y?
11
Suppose -2*i - 1158 = -2*u, -701 = -5*u - 5*i + 2204. Suppose q + u = 6*q. Calculate the remainder when q is divided by 39.
38
Let u = 749 - 1181. Calculate the remainder when 43 is divided by ((4/3)/(-4))/(9/u).
11
Let y(d) = d**3 - 20*d**2 + 36*d - 13. What is the remainder when y(20) is divided by 55?
47
Let g(w) = 22*w**2 + 14*w - 223. What is the remainder when g(13) is divided by 32?
29
Let q(r) = r**2 - 177*r - 934. Calculate the remainder when q(191) is divided by 134.
132
Let f be (-6)/(-4) - (-341)/154*-7. Let m(l) = -4*l**2 - 62*l + 22. What is the remainder when m(f) is divided by 10?
6
Let w(u) = -1222*u**3 - 6*u**2 + 18*u + 25. Calculate the remainder when w(-1) is divided by 22.
13
Let r be (-20)/(-4)*6/5. Suppose 0 = r*c + 10*c - 3344. Calculate the remainder when c is divided by 14.
13
Let u(r) = -4*r + 60. Let v be u(14). Suppose o - 2 = -5*s, -3*o - v*s - 1 = -40. What is the remainder when 64 is divided by o?
13
Let i(o) = 13*o**2 - 202*o - 21. Calculate the remainder when i(23) is divided by 82.
78
Let n(i) = i**3 - 17*i**2 + 15*i + 19. Let l be n(16). Suppose 2*s - 530 = -l*s. Let q = 115 - s. What is the remainder when 41 is divided by q?
5
What is the remainder when 3676 is divided by (800/70)/(24/84)?
36
Let y = -9201 - -11239. Calculate the remainder when y is divided by 18.
4
Let c be 1/((3/(-26))/(-3)). Let y = -18 + c. Suppose -y*o + 10*o = 14. Calculate the remainder when 22 is divided by o.
1
Suppose -2*w = 5*p - 14 + 50, 0 = -3*w - 3*p - 36. Let n be 0 + -2 - w/8. Calculate the remainder when 35 is divided by 31/3 + n + 7/(-21).
8
Let o(s) = -s**2 + 114*s + 323. What is the remainder when o(72) is divided by 124?
123
Let q = -8874 - -8970. What is the remainder when q is divided by 51?
45
Let y(o) = 222*o + 11871. What is the remainder when y(-51) is divided by 44?
21
Let x = 15 - 12. Suppose -3*u + 2*n - n + 87 = 0, 3*u + x*n = 75. Let o(f) = -11*f + 17. Calculate the remainder when u is divided by o(0).
11
Let m(w) be the third derivative of -23*w**6/120 + w**5/30 - w**4/8 + w**3/6 - 2*w**2 - 19. What is the remainder when m(-2) is divided by 50?
49
What is the remainder when 1840 + 0 - -2 - (-39)/((-195)/(-5)) is divided by 263?
2
Let p = 1925 - 861. Suppose 2*o - 10 = 0, -4*n + p + 214 = -2*o. What is the remainder when n is divided by 27?
25
Let o = 1042 + -1045. What is the remainder when (-2052)/24*4/o + -2 is divided by 21?
7
Let k = -10069 - -10344. What is the remainder when k is divided by 119?
37
Suppose 0 = 6*z - 4 - 8. Calculate the remainder when 28 is divided by (52/8)/(1/z).
2
Let m = 2807 - 2380. Calculate the remainder when m is divided by 13.
11
Suppose 9 = 2*b - 23. Let j be (5/(40/196))/((-1)/(-2)). Let l = j + -43. Calculate the remainder when b is divided by l.
4
Let a(u) = u**2 - 18*u - 83. Calculate the remainder when 327 is divided by a(-4).
2
Let h(x) = -267*x + 874. Calculate the remainder when h(3) is divided by 10.
3
Calculate the remainder when ((-172)/(-44) - 4) + ((-149345)/(-77))/17 is divided by 92.
22
Suppose 2*u - l = 271 + 292, -5*u + 1390 = l. What is the remainder when 3341 is divided by u?
272
Let u = 106 + -21. Let w = 111 - u. Suppose 6*b - w = 22. Calculate the remainder when 30 is divided by b.
6
Let f(j) = -15 - 14 - 43*j + 49*j. Suppose -l + 24 = -t, 0 = -5*t + 3 + 22. Calculate the remainder when f(14) is divided by l.
26
Let h(c) be the third derivative of -c**5/60 + 5*c**4/12 + 14*c**3/3 - 136*c**2 + c. Calculate the remainder when 278 is divided by h(0).
26
Let i = -2145 - -2239. What is the remainder when 195 is divided by i?
7
Let r = 162 + -158. What is the remainder when 321 is divided by (-12)/r*(-23 - -5)?
51
Let m(z) = 105*z + 441. Calculate the remainder when m(1) is divided by 88.
18
Suppose -z - 3*j - 4 = 0, 21*j + 26 = z + 19*j. What is the remainder when 27 is divided by z?
13
Suppose v = 2, -2*v - 11 = -5*n - 0*v. Suppose 4*g = -n*w + 1 - 6, 0 = -3*w + 3*g + 9. Suppose w = 3*c - 11. Calculate the remainder when 33 is divided by c.
1
Calculate the remainder when 216 is divided by (-61132)/(-1428) - 4/(-21).
1
Calculate the remainder when -4*1/((-27)/(-3357))*6/(-4) is divided by 40.
26
What is the remainder when (-1 - (-4)/(-2))*246/(-9) is divided by (-181)/(-4) + 2/(-8)?
37
Calculate the remainder when 968 is divided by (9/(-1))/(-4*2 - 3515/(-444)).
104
Suppose 583*z = 545*z + 4256. Calculate the remainder when z is divided by 32.
16
Suppose -2*v + 4*n + 28 = 0, 0 = 3*v + n - 2 - 19. Calculate the remainder when 23 is divided by 5 + (-72)/v + 9.
3
Let b = -3482 + 3574. What is the remainder when 105 is divided by b?
13
Suppose -44*u + 10*u + 748 = 0. Suppose u*b - 279 = 139. Calculate the remainder when 69 is divided by b.
12
Let i = -18 + 57. Suppose 10 + 26 = 9*h. Suppose x = 3*x + 2*w - 156, 2*x - h*w - 150 = 0. Calculate the remainder when x is divided by i.
38
Let a be (-4)/6 - 20/6. Let n = 18994 - 19000. What is the remainder when 60 is divided by 92/10*(9/n - a)?
14
Suppose 590 = 2*l + 2*t, -l - 3*t - 575 = -3*l. What is the remainder when l is divided by 273?
19
Calculate the remainder when 2767 is divided by 